u + 375329. Calculate j(149).
-2
Let c(q) = -q**3 + 67*q**2 + 512*q + 520. Give c(74).
76
Let u(y) = -1249*y - 278395. What is u(-223)?
132
Let t(c) = -1977*c + 48385. Give t(24).
937
Let y(c) = 3*c**2 - 3358*c + 205609. Give y(65).
14
Let a(x) = x**3 + 157*x**2 - 3958*x - 3390. What is a(-179)?
190
Let w(u) = u**2 + 82830*u - 662699. Determine w(8).
5
Let a(q) = 142*q**3 - 6*q**2 - 8*q - 6. Determine a(-2).
-1150
Let y(p) = -p**3 + 1190*p**2 - 7094*p - 11850. Determine y(1184).
-10
Let g(q) = q**2 + 602*q + 9388. What is g(-16)?
12
Let z(w) = 31874*w - 318865. Calculate z(10).
-125
Let m(q) = -q**3 - 59*q**2 + 466*q + 146. Calculate m(-66).
-118
Let b(u) = 11*u**3 - 6769*u**2 + 2488*u - 17194. Determine b(615).
26
Let r(w) = 106675*w + 533361. Determine r(-5).
-14
Let s(k) = 22*k**2 - 359. What is s(-4)?
-7
Let h(d) = -d**3 - 20*d**2 - 25599*d - 486031. What is h(-19)?
-11
Let n(v) = 257*v**2 + 3103*v + 206. Determine n(-12).
-22
Let b(x) = 166*x + 7210. Give b(-44).
-94
Let k(y) = -87473*y + 349949. Determine k(4).
57
Let o(n) = n**3 - 80*n**2 + 906*n + 1361. Determine o(66).
173
Let v(r) = -3*r**3 + 19*r**2 + 110*r - 3. What is v(-4)?
53
Let s(o) = -235*o - 9141. Give s(-40).
259
Let k(x) = 2*x**2 + 642*x - 15815. Give k(23).
9
Let o(x) = x**3 - 14*x**2 + 623*x - 9620. Calculate o(15).
-50
Let v(q) = q**2 + 29*q + 325. Determine v(-14).
115
Let f(g) = 4*g**3 + 158*g**2 - 187*g + 2415. What is f(-41)?
-4
Let g(x) = 2318*x + 24730. Give g(-10).
1550
Let h(a) = 11*a**3 + 3852*a**2 + 856*a + 54500. Determine h(-350).
-100
Let q(s) = 4*s**2 + 39078*s + 156298. Give q(-4).
50
Let c(o) = -5*o**3 - 16*o**2 + 170*o - 124. Give c(4).
-20
Let a(y) = -16*y**3 - 14*y**2 - 5582*y - 5572. Give a(-1).
12
Let o(k) = k**3 + 279*k**2 - 1706*k + 1176. Calculate o(-285).
36
Let h(t) = -t**2 - 102*t - 1176. What is h(-90)?
-96
Let a(k) = -k**2 - 44*k + 208. Determine a(-23).
691
Let f(i) = 34*i**2 - 293*i + 78. What is f(4)?
-550
Let p(q) = 214*q - 19259. Give p(88).
-427
Let n(g) = -5*g**2 - 11*g + 377. Determine n(11).
-349
Let s(c) = -323*c**2 - 19699*c + 118. Calculate s(-61).
-126
Let c(s) = -8*s**3 - 50*s**2 + 1155*s + 1447. Give c(10).
-3
Let z(j) = -14*j**2 - 2387*j + 152461. What is z(-220)?
1
Let l(d) = 1056*d**2 - 30631*d + 199. Give l(29).
-4
Let l(c) = -115497*c + 2656422. Calculate l(23).
-9
Let n(k) = -3*k**2 + 4675*k - 114921. Determine n(25).
79
Let r(o) = -o**3 - 39*o**2 + 1770*o + 69409. Calculate r(-40).
209
Let r(t) = 31919*t + 31829. Give r(-1).
-90
Let a(y) = -133720*y + 133644. Determine a(1).
-76
Let i(x) = 673*x + 43746. Determine i(-65).
1
Let r(o) = 11*o**2 - 465*o - 277. Determine r(43).
67
Let a(n) = 409*n - 40143. Determine a(94).
-1697
Let i(n) = -12*n**3 - 3772*n**2 - 1254*n + 573. Give i(-314).
-55
Let j(m) = -m**3 - 280*m**2 + 1223*m + 24623. Determine j(-284).
-85
Let a(f) = 207*f + 6482. What is a(-25)?
1307
Let c(z) = -z**3 + 119*z**2 + 1007*z + 1150. Determine c(127).
7
Let i(t) = -13380*t + 267611. What is i(20)?
11
Let k(a) = -646*a + 312. Give k(0).
312
Let g(h) = 92911*h + 2136977. Give g(-23).
24
Let s(a) = a**3 - 127*a**2 - 798*a + 135. Give s(133).
135
Let r(y) = 2*y**3 + 155*y**2 + 249*y + 1598. Determine r(-76).
2
Let b(g) = -39*g + 2174. What is b(60)?
-166
Let h(j) = 6684985*j + 26739944. Calculate h(-4).
4
Let t(g) = -26*g**3 + 263*g**2 - 109. What is t(10)?
191
Let n(w) = -w**3 - 18*w**2 - 56219*w - 955418. Give n(-17).
16
Let l(q) = q**3 + 18*q**2 - 995*q - 18565. Calculate l(-19).
-21
Let d(r) = 4*r**3 - r**2 - 3*r - 36. What is d(-5)?
-546
Let a(v) = v**3 - 194*v**2 + 9251*v - 950. What is a(84)?
-26
Let a(g) = -17*g**2 + 7265*g - 24183. What is a(424)?
-15
Let q(p) = -p**3 - 487*p**2 - 55750*p + 586. Determine q(-303).
-20
Let v(h) = 10*h**2 + 141*h + 556. Determine v(-5).
101
Let a(j) = 1048*j**2 - 27249*j + 48. Determine a(26).
22
Let g(s) = -3*s**3 - 324*s**2 - 1080*s - 81246. Determine g(-107).
-33
Let s(t) = -2*t**2 - 3139*t + 9416. Calculate s(3).
-19
Let u(y) = -y**3 - 4*y**2 + 86*y - 13. Calculate u(-13).
390
Let p(f) = -13888*f + 180549. Give p(13).
5
Let f(w) = -w**3 - 16*w**2 - 22*w + 175. Give f(-5).
10
Let i(o) = -245*o - 1541. Give i(-7).
174
Let m(h) = -17*h**2 + 2735*h + 279. What is m(161)?
-43
Let r(p) = 101*p**2 + 3125*p - 180. Give r(-31).
6
Let d(q) = -q**3 - 1190*q**2 + 10773*q - 44. Determine d(9).
-206
Let k(v) = 28*v**3 - 254*v**2 + 204*v - 1648. Calculate k(9).
26
Let s(u) = 899*u - 499849. Give s(556).
-5
Let z(w) = 184*w**2 - 6092*w + 603. What is z(33)?
-57
Let f(w) = w**3 - 106*w**2 + 531*w - 2788. Determine f(101).
-162
Let x(g) = 331*g + 80349. Calculate x(-243).
-84
Let b(n) = 8013*n + 24070. Give b(-3).
31
Let m(o) = 5*o**2 - 3785*o + 22655. What is m(6)?
125
Let y(h) = -5*h**2 - 46993*h + 329192. Calculate y(7).
-4
Let n(a) = 101*a**2 + 7597*a + 1049. Give n(-75).
-601
Let u(x) = -x**3 - 81*x**2 - 363*x + 11446. Give u(-74).
-24
Let t(j) = 5*j**2 - 7*j - 252. Determine t(-7).
42
Let w(v) = -2*v**2 - 5813*v + 194014. Give w(33).
7
Let k(s) = 24*s**3 + 3540*s**2 + 5255*s - 155. Calculate k(-146).
-9
Let b(m) = -13*m**3 - 43*m**2 - 23*m - 30. Calculate b(-3).
3
Let v(j) = 443*j**2 - 1876*j - 1736. Determine v(5).
-41
Let a(h) = h**3 - 125*h**2 + 2553*h + 2073. Determine a(99).
-6
Let u(c) = 131*c**2 + 12948*c - 2093. Determine u(-99).
-14
Let q(c) = 7*c**2 - 377*c - 101. Give q(63).
3931
Let n(w) = -16484*w - 32003. Determine n(-2).
965
Let g(v) = -v**2 - 812*v - 143810. Give g(-261).
1
Let w(u) = 11519*u - 34706. Give w(3).
-149
Let g(o) = -o**3 + 22*o**2 - 26*o - 492. Determine g(7).
61
Let r(o) = -436*o - 77339. Give r(-177).
-167
Let n(v) = -3*v**2 + 4896*v - 39129. What is n(8)?
-153
Let s(l) = -69747*l + 1464685. Give s(21).
-2
Let q(t) = 333*t + 9957. What is q(-31)?
-366
Let i(s) = -13329*s + 146626. Determine i(11).
7
Let q(f) = 14624*f + 58536. What is q(-4)?
40
Let j(b) = -223754*b - 223805. Calculate j(-1).
-51
Let f(j) = -28*j**2 - 60*j + 77. Determine f(-2).
85
Let v(b) = b**3 + 66*b**2 + 165*b + 1303. Calculate v(-64).
-1065
Let i(o) = 72*o - 3625. Calculate i(54).
263
Let n(v) = -v**2 - 29*v - 318. What is n(-20)?
-138
Let j(t) = -t**2 + 73*t + 13038. Determine j(157).
-150
Let p(m) = -141*m + 31. Give p(-1).
172
Let f(p) = -p**2 + 102*p - 1518. Calculate f(84).
-6
Let d(a) = -a**2 - 96*a + 12747. Determine d(75).
-78
Let r(f) = -550*f - 11693. Give r(-21).
-143
Let q(r) = 3218*r - 126395. Give q(39).
-893
Let b(m) = 2*m**2 + 60202*m + 300971. Give b(-5).
11
Let n(c) = 6*c**3 + 162*c**2 + 435*c + 17. Calculate n(-24).
-55
Let f(w) = -12967*w - 22895. Give f(-2).
3039
Let p(i) = -39183*i - 3839996. Determine p(-98).
-62
Let j(s) = -s**2 + 697*s + 12799. Determine j(-18).
-71
Let h(i) = i**3 - 225*i**2 - 2351*i + 1166. Give h(235).
931
Let k(q) = 50420*q + 1411767. Give k(-28).
7
Let k(i) = 515*i + 13137. What is k(-26)?
-253
Let p(y) = 254*y**2 + 26671*y + 161. Calculate p(-105).
56
Let w(b) = -10601*b - 264411. Calculate w(-25).
614
Let q(t) = 67*t**2 - 7652*t - 48319. What is q(-6)?
5
Let w(j) = -17*j**2 - 265*j + 3100. Give w(10).
-1250
Let r(a) = 4*a**3 + 142*a**2 - 463*a - 13660. Determine r(-36).
416
Let r(u) = -66*u**2 - 4322*u + 2261. Calculate r(-66).
17
Let l(f) = -2001*f + 280104. What is l(140)?
-36
Let b(p) = -912*p - 5079. Calculate b(-6).
393
Let w(c) = -5517*c + 3872906. Give w(702).
-28
Let s(t) = -28492*t - 113999. Determine s(-4).
-31
Let f(m) = 528*m - 20886. What is f(39)?
-294
Let i(l) = 939*l + 1577. What is i(0)?
1577
Let o(i) = -i**2 - 131*i + 1845. Calculate o(24).
-1875
Let s(o) = 265*o**2 + 182591*o + 4148. What is s(-689)?
14
Let y(d) = -18409*d + 294561. Give y(16).
17
Let z(b) = b**3 - 35*b**2 + 370*b - 2185. Determine z(23).
-23
Let p(r) = 530*r**2 + 2657*r + 27. Give p(-5).
-8
Let q(g) = -17325*g**2 + 86627*g - 6. Give q(5).
4
Let a(w) = -w**3 - 18*w**2 + 253*w - 723. What is a(7)?
-177
Let g(h) = -8*h**2 + 23769*h - 236883. What is g(10)?
7
Let d(y) = 6*y**2 - 97*y + 289. What is d(11)?
-52
Let a(u) = -11832*u - 59859. What is a(-5)?
-699
Let i(x) = -x**3 + 4*x**2 - 295*x + 1496. Determine i(6).
-346
Let m(g) = 228*g + 23160. Give m(-104).
-552
Let f(i) = 6*i**2 - 706*i + 1843. Give f(115).
3
Let i(g) = 106*g**2 + 1816*g +